the highest common divisor of 18 and 678.
6
Calculate the greatest common divisor of 408 and 72.
24
Calculate the greatest common factor of 9 and 2169.
9
Calculate the greatest common factor of 34837 and 11.
11
Calculate the greatest common divisor of 7 and 12761.
7
Calculate the greatest common factor of 91 and 221.
13
What is the highest common divisor of 22 and 154?
22
What is the greatest common factor of 464 and 16?
16
What is the highest common divisor of 30 and 1350?
30
What is the greatest common divisor of 2369 and 103?
103
Calculate the highest common divisor of 1242 and 506.
46
Calculate the highest common factor of 35 and 100.
5
Calculate the greatest common divisor of 48 and 228.
12
What is the greatest common divisor of 28300 and 75?
25
What is the highest common factor of 8 and 128?
8
What is the greatest common divisor of 93 and 62?
31
What is the highest common factor of 352 and 11?
11
What is the highest common divisor of 7469 and 11?
11
What is the highest common factor of 5096 and 104?
104
Calculate the highest common factor of 108 and 2970.
54
What is the highest common factor of 6016 and 576?
64
What is the greatest common divisor of 546 and 6?
6
What is the highest common factor of 23 and 437?
23
Calculate the highest common factor of 3 and 75.
3
What is the highest common factor of 19578 and 312?
78
Calculate the greatest common divisor of 1485 and 55.
55
What is the greatest common divisor of 144 and 9084?
12
Calculate the highest common factor of 54 and 126.
18
Calculate the highest common factor of 9 and 72.
9
What is the greatest common divisor of 364 and 448?
28
What is the greatest common divisor of 270 and 22?
2
What is the greatest common divisor of 206 and 2?
2
Calculate the highest common factor of 81 and 69.
3
Calculate the greatest common divisor of 14 and 22.
2
What is the highest common factor of 575 and 4450?
25
What is the greatest common factor of 52 and 25766?
26
What is the highest common factor of 15 and 5?
5
What is the highest common factor of 24 and 60?
12
What is the highest common factor of 244 and 19154?
122
What is the highest common divisor of 85 and 187?
17
What is the greatest common factor of 9748 and 4?
4
Calculate the greatest common divisor of 84 and 1302.
42
What is the highest common factor of 324 and 468?
36
Calculate the highest common factor of 2291 and 145.
29
What is the greatest common factor of 11 and 253?
11
What is the greatest common factor of 56 and 21?
7
Calculate the greatest common factor of 48 and 384.
48
Calculate the highest common factor of 12 and 160.
4
What is the greatest common divisor of 80 and 16?
16
What is the highest common divisor of 36 and 3141?
9
What is the highest common factor of 2535 and 3?
3
Calculate the highest common divisor of 13895 and 35.
35
Calculate the highest common factor of 38 and 4978.
38
Calculate the highest common divisor of 161 and 2507.
23
Calculate the greatest common divisor of 91 and 39.
13
Calculate the greatest common divisor of 946 and 2150.
86
Calculate the highest common divisor of 48 and 320.
16
Calculate the highest common factor of 2820 and 480.
60
What is the highest common factor of 3 and 2?
1
Calculate the highest common divisor of 214 and 5457.
107
Calculate the highest common factor of 429 and 663.
39
Calculate the highest common divisor of 143 and 781.
11
Calculate the highest common factor of 793 and 61.
61
Calculate the highest common divisor of 670 and 40.
10
What is the highest common divisor of 160 and 9360?
80
What is the highest common factor of 36 and 20?
4
What is the greatest common factor of 64 and 14944?
32
What is the greatest common divisor of 2 and 107?
1
What is the greatest common factor of 902 and 164?
82
What is the highest common divisor of 19 and 2641?
19
What is the highest common factor of 89 and 5251?
89
Calculate the greatest common divisor of 639 and 142.
71
Calculate the greatest common divisor of 21 and 10213.
7
Calculate the highest common divisor of 39 and 65.
13
Calculate the greatest common factor of 80 and 2360.
40
Calculate the greatest common factor of 990 and 36.
18
What is the highest common factor of 664 and 48?
8
Calculate the greatest common divisor of 66 and 1782.
66
What is the greatest common factor of 238 and 442?
34
What is the greatest common divisor of 2295 and 85?
85
What is the greatest common factor of 33 and 44?
11
What is the greatest common factor of 933 and 18038?
311
Calculate the highest common factor of 117 and 143.
13
What is the greatest common divisor of 336 and 924?
84
Calculate the highest common divisor of 83 and 581.
83
What is the highest common divisor of 55 and 1705?
55
Calculate the greatest common divisor of 5784 and 32.
8
Calculate the highest common factor of 517 and 11.
11
What is the highest common divisor of 3560 and 160?
40
Calculate the highest common divisor of 8 and 100.
4
What is the greatest common divisor of 26 and 6526?
26
What is the greatest common factor of 152 and 8?
8
What is the highest common factor of 68 and 1620?
4
Calculate the highest common divisor of 760 and 20140.
380
Calculate the greatest common factor of 7 and 469.
7
Calculate the greatest common divisor of 11628 and 152.
76
Calculate the greatest common factor of 399 and 57.
57
Calculate the greatest common divisor of 180 and 2844.
36
Calculate the highest common factor of 113 and 25990.
113
What is the greatest common divisor of 180 and 315?
45
Calculate the greatest common divisor of 394 and 42.
2
Calculate the greatest common factor of 29 and 1711.
29
What is the greatest common factor of 160 and 280?
40
What is the highest common divisor of 2 and 14?
2
Calculate the greatest common factor of 3488 and 10900.
436
Calculate the greatest common factor of 182 and 9100.
182
What is the greatest common divisor of 16 and 76?
4
Calculate the greatest common divisor of 494 and 78.
26
What is the highest common factor of 994 and 266?
14
Calculate the greatest common factor of 56 and 840.
56
What is the highest common divisor of 8 and 180?
4
What is the greatest common factor of 11 and 1837?
11
Calculate the highest common divisor of 17 and 2057.
17
Calculate the highest common factor of 1526 and 56.
14
Calculate the greatest common factor of 3670 and 20.
10
What is the greatest common factor of 60 and 84?
12
What is the greatest common factor of 15106 and 166?
166
Calculate the greatest common factor of 175 and 1475.
25
What is the highest common divisor of 286 and 44?
22
What is the highest common divisor of 95 and 665?
95
Calculate the highest common factor of 16302 and 228.
114
Calculate the highest common divisor of 6600 and 25.
25
Calculate the highest common factor of 39 and 689.
13
Calculate the highest common factor of 76 and 5548.
76
What is the highest common factor of 2408 and 903?
301
What is the greatest common divisor of 180 and 45?
45
What is the highest common factor of 314 and 3?
1
Calculate the highest common factor of 96 and 2424.
24
What is the greatest common divisor of 126 and 28?
14
What is the greatest common factor of 204 and 36?
12
What is the greatest common divisor of 35 and 10?
5
What is the highest common factor of 6692 and 364?
28
Calculate the highest common factor of 41760 and 288.
288
What is the highest common factor of 210 and 15?
15
Calculate the greatest common factor of 27 and 1764.
9
Calculate the greatest common divisor of 143 and 88.
11
Calculate the greatest common factor of 30 and 192.
6
Calculate the highest common divisor of 2830 and 10.
10
Calculate the greatest common divisor of 36 and 60.
12
Calculate the greatest common factor of 11 and 66.
11
Calculate the greatest common factor of 175 and 2170.
35
Calculate the greatest common factor of 40 and 312.
8
What is the greatest common factor of 16840 and 100?
20
Calculate the highest common divisor of 11112 and 3.
3
Calculate the highest common factor of 798 and 608.
38
Calculate the highest common factor of 12 and 12700.
4
Calculate the greatest common divisor of 66 and 9339.
33
Calculate the highest common divisor of 50 and 3.
1
Calculate the highest common factor of 86 and 5891.
43
What is the highest common divisor of 11 and 704?
11
Calculate the greatest common factor of